{"id":2206,"date":"2017-09-10T19:30:21","date_gmt":"2017-09-10T17:30:21","guid":{"rendered":"http:\/\/dulsky.at\/?page_id=2206"},"modified":"2017-09-20T13:55:45","modified_gmt":"2017-09-20T11:55:45","slug":"von-der-mur-bis-zum-alpbach-von-mir-zu-dir","status":"publish","type":"page","link":"http:\/\/dulsky.at\/?page_id=2206","title":{"rendered":"&#8222;von der Mur bis zum Alpbach, von mir zu Dir&#8220;"},"content":{"rendered":"<div class=\"twoclick_social_bookmarks_post_2206 social_share_privacy clearfix 1.6.4 locale-de_DE sprite-de_DE\"><\/div><div class=\"twoclick-js\"><script type=\"text\/javascript\">\/* <![CDATA[ *\/\njQuery(document).ready(function($){if($('.twoclick_social_bookmarks_post_2206')){$('.twoclick_social_bookmarks_post_2206').socialSharePrivacy({\"services\":{\"facebook\":{\"status\":\"on\",\"txt_info\":\"2 Klicks f\\u00fcr mehr Datenschutz: Erst wenn Sie hier klicken, wird der Button aktiv und Sie k\\u00f6nnen Ihre Empfehlung an Facebook senden. Schon beim Aktivieren werden Daten an Dritte \\u00fcbertragen - siehe <em>i<\\\/em>.\",\"perma_option\":\"off\",\"action\":\"like\",\"language\":\"de_DE\"},\"twitter\":{\"reply_to\":\"\",\"tweet_text\":\"%E2%80%9Evon%20der%20Mur%20bis%20zum%20Alpbach%2C%20von%20mir%20zu%20Dir%E2%80%9C%20%C2%BB%20J%C3%B6rg%20Dulsky\",\"status\":\"on\",\"txt_info\":\"2 Klicks f\\u00fcr mehr Datenschutz: Erst wenn Sie hier klicken, wird der Button aktiv und Sie k\\u00f6nnen Ihre Empfehlung an Twitter senden. Schon beim Aktivieren werden Daten an Dritte \\u00fcbertragen - siehe <em>i<\\\/em>.\",\"perma_option\":\"off\",\"language\":\"de\",\"referrer_track\":\"\"},\"gplus\":{\"status\":\"on\",\"txt_info\":\"2 Klicks f\\u00fcr mehr Datenschutz: Erst wenn Sie hier klicken, wird der Button aktiv und Sie k\\u00f6nnen Ihre Empfehlung an Google+ senden. Schon beim Aktivieren werden Daten an Dritte \\u00fcbertragen - siehe <em>i<\\\/em>.\",\"perma_option\":\"off\",\"referrer_track\":\"\"}},\"txt_help\":\"Wenn Sie diese Felder durch einen Klick aktivieren, werden Informationen an Facebook, Twitter, Flattr, Xing, t3n, LinkedIn, Pinterest oder Google eventuell ins Ausland \\u00fcbertragen und unter Umst\\u00e4nden auch dort gespeichert. N\\u00e4heres erfahren Sie durch einen Klick auf das <em>i<\\\/em>.\",\"settings_perma\":\"Dauerhaft aktivieren und Daten\\u00fcber-tragung zustimmen:\",\"info_link\":\"http:\\\/\\\/www.heise.de\\\/ct\\\/artikel\\\/2-Klicks-fuer-mehr-Datenschutz-1333879.html\",\"uri\":\"http:\\\/\\\/dulsky.at\\\/?page_id=2206\",\"post_id\":2206,\"post_title_referrer_track\":\"%26%238222%3Bvon+der+Mur+bis+zum+Alpbach%2C+von+mir+zu+Dir%26%238220%3B\",\"display_infobox\":\"on\"});}});\n\/* ]]> *\/<\/script><\/div><p>Eine Tirolerin und ein Steirer gemeinsam am Weg. In 30 Tagen 550 km und 22 000 H\u00f6henmeter auf dem Zentralalpenweg 02. Von Frohnleiten (Mur) bis nach Brixlegg (Alpbach) in Tirol folgend dem K\u00f6nig der \u00f6sterreichischen Weitwanderwege.<\/p>\n<p><a href=\"http:\/\/dulsky.at\/wp-content\/uploads\/2017\/09\/Mur.Alpach.A3.2_Frohnleiten_Rathaussaal_30_11_2017.jpg\"><img loading=\"lazy\" decoding=\"async\" class=\"aligncenter size-full wp-image-2215\" src=\"http:\/\/dulsky.at\/wp-content\/uploads\/2017\/09\/Mur.Alpach.A3.2_Frohnleiten_Rathaussaal_30_11_2017.jpg\" alt=\"\" width=\"3508\" height=\"4901\" srcset=\"http:\/\/dulsky.at\/wp-content\/uploads\/2017\/09\/Mur.Alpach.A3.2_Frohnleiten_Rathaussaal_30_11_2017.jpg 3508w, http:\/\/dulsky.at\/wp-content\/uploads\/2017\/09\/Mur.Alpach.A3.2_Frohnleiten_Rathaussaal_30_11_2017-215x300.jpg 215w, http:\/\/dulsky.at\/wp-content\/uploads\/2017\/09\/Mur.Alpach.A3.2_Frohnleiten_Rathaussaal_30_11_2017-768x1073.jpg 768w, http:\/\/dulsky.at\/wp-content\/uploads\/2017\/09\/Mur.Alpach.A3.2_Frohnleiten_Rathaussaal_30_11_2017-733x1024.jpg 733w\" sizes=\"(max-width: 3508px) 100vw, 3508px\" \/><\/a><\/p>\n","protected":false},"excerpt":{"rendered":"<p>Eine Tirolerin und ein Steirer gemeinsam am Weg. In 30 Tagen 550 km und 22 000 H\u00f6henmeter auf dem Zentralalpenweg 02. Von Frohnleiten (Mur) bis nach Brixlegg (Alpbach) in Tirol folgend dem K\u00f6nig der \u00f6sterreichischen Weitwanderwege.<\/p>\n","protected":false},"author":1,"featured_media":2164,"parent":148,"menu_order":1,"comment_status":"closed","ping_status":"closed","template":"","meta":{"ngg_post_thumbnail":0,"jetpack_post_was_ever_published":false,"footnotes":""},"jetpack_sharing_enabled":true,"jetpack_shortlink":"https:\/\/wp.me\/Pa3HDL-zA","_links":{"self":[{"href":"http:\/\/dulsky.at\/index.php?rest_route=\/wp\/v2\/pages\/2206"}],"collection":[{"href":"http:\/\/dulsky.at\/index.php?rest_route=\/wp\/v2\/pages"}],"about":[{"href":"http:\/\/dulsky.at\/index.php?rest_route=\/wp\/v2\/types\/page"}],"author":[{"embeddable":true,"href":"http:\/\/dulsky.at\/index.php?rest_route=\/wp\/v2\/users\/1"}],"replies":[{"embeddable":true,"href":"http:\/\/dulsky.at\/index.php?rest_route=%2Fwp%2Fv2%2Fcomments&post=2206"}],"version-history":[{"count":5,"href":"http:\/\/dulsky.at\/index.php?rest_route=\/wp\/v2\/pages\/2206\/revisions"}],"predecessor-version":[{"id":2216,"href":"http:\/\/dulsky.at\/index.php?rest_route=\/wp\/v2\/pages\/2206\/revisions\/2216"}],"up":[{"embeddable":true,"href":"http:\/\/dulsky.at\/index.php?rest_route=\/wp\/v2\/pages\/148"}],"wp:featuredmedia":[{"embeddable":true,"href":"http:\/\/dulsky.at\/index.php?rest_route=\/wp\/v2\/media\/2164"}],"wp:attachment":[{"href":"http:\/\/dulsky.at\/index.php?rest_route=%2Fwp%2Fv2%2Fmedia&parent=2206"}],"curies":[{"name":"wp","href":"https:\/\/api.w.org\/{rel}","templated":true}]}}

<div class="twoclick_social_bookmarks_post_2206 social_share_privacy clearfix 1.6.4 locale-de_DE sprite-de_DE"></div><div class="twoclick-js"><script type="text/javascript">/* <![CDATA[ */
jQuery(document).ready(function($){if($('.twoclick_social_bookmarks_post_2206')){$('.twoclick_social_bookmarks_post_2206').socialSharePrivacy({"services":{"facebook":{"status":"on","txt_info":"2 Klicks f\u00fcr mehr Datenschutz: Erst wenn Sie hier klicken, wird der Button aktiv und Sie k\u00f6nnen Ihre Empfehlung an Facebook senden. Schon beim Aktivieren werden Daten an Dritte \u00fcbertragen - siehe <em>i<\/em>.","perma_option":"off","action":"like","language":"de_DE"},"twitter":{"reply_to":"","tweet_text":"%E2%80%9Evon%20der%20Mur%20bis%20zum%20Alpbach%2C%20von%20mir%20zu%20Dir%E2%80%9C%20%C2%BB%20J%C3%B6rg%20Dulsky","status":"on","txt_info":"2 Klicks f\u00fcr mehr Datenschutz: Erst wenn Sie hier klicken, wird der Button aktiv und Sie k\u00f6nnen Ihre Empfehlung an Twitter senden. Schon beim Aktivieren werden Daten an Dritte \u00fcbertragen - siehe <em>i<\/em>.","perma_option":"off","language":"de","referrer_track":""},"gplus":{"status":"on","txt_info":"2 Klicks f\u00fcr mehr Datenschutz: Erst wenn Sie hier klicken, wird der Button aktiv und Sie k\u00f6nnen Ihre Empfehlung an Google+ senden. Schon beim Aktivieren werden Daten an Dritte \u00fcbertragen - siehe <em>i<\/em>.","perma_option":"off","referrer_track":""}},"txt_help":"Wenn Sie diese Felder durch einen Klick aktivieren, werden Informationen an Facebook, Twitter, Flattr, Xing, t3n, LinkedIn, Pinterest oder Google eventuell ins Ausland \u00fcbertragen und unter Umst\u00e4nden auch dort gespeichert. N\u00e4heres erfahren Sie durch einen Klick auf das <em>i<\/em>.","settings_perma":"Dauerhaft aktivieren und Daten\u00fcber-tragung zustimmen:","info_link":"http:\/\/www.heise.de\/ct\/artikel\/2-Klicks-fuer-mehr-Datenschutz-1333879.html","uri":"http:\/\/dulsky.at\/?page_id=2206","post_id":2206,"post_title_referrer_track":"%26%238222%3Bvon+der+Mur+bis+zum+Alpbach%2C+von+mir+zu+Dir%26%238220%3B","display_infobox":"on"});}});
/* ]]> */</script></div><p>Eine Tirolerin und ein Steirer gemeinsam am Weg. In 30 Tagen 550 km und 22 000 Höhenmeter auf dem Zentralalpenweg 02. Von Frohnleiten (Mur) bis nach Brixlegg (Alpbach) in Tirol folgend dem König der österreichischen Weitwanderwege.</p>
<p><a href="http://dulsky.at/wp-content/uploads/2017/09/Mur.Alpach.A3.2_Frohnleiten_Rathaussaal_30_11_2017.jpg"><img loading="lazy" decoding="async" class="aligncenter size-full wp-image-2215" src="http://dulsky.at/wp-content/uploads/2017/09/Mur.Alpach.A3.2_Frohnleiten_Rathaussaal_30_11_2017.jpg" alt="" width="3508" height="4901" srcset="http://dulsky.at/wp-content/uploads/2017/09/Mur.Alpach.A3.2_Frohnleiten_Rathaussaal_30_11_2017.jpg 3508w, http://dulsky.at/wp-content/uploads/2017/09/Mur.Alpach.A3.2_Frohnleiten_Rathaussaal_30_11_2017-215x300.jpg 215w, http://dulsky.at/wp-content/uploads/2017/09/Mur.Alpach.A3.2_Frohnleiten_Rathaussaal_30_11_2017-768x1073.jpg 768w, http://dulsky.at/wp-content/uploads/2017/09/Mur.Alpach.A3.2_Frohnleiten_Rathaussaal_30_11_2017-733x1024.jpg 733w" sizes="(max-width: 3508px) 100vw, 3508px" /></a></p>

<p>Eine Tirolerin und ein Steirer gemeinsam am Weg. In 30 Tagen 550 km und 22 000 Höhenmeter auf dem Zentralalpenweg 02. Von Frohnleiten (Mur) bis nach Brixlegg (Alpbach) in Tirol folgend dem König der österreichischen Weitwanderwege.</p>
